 h?
9
Let d be 17/7 + 9/(-21). Suppose 45 = -d*p + 5*p. Calculate the remainder when 20/p*1*12 is divided by 6.
4
Suppose 0 = f + 3*g - 26, -6*f + 3*f + 3*g = -102. Let s(m) = 10*m**2 + m. What is the remainder when s(3) is divided by f?
29
Suppose -15*q + 36 = -13*q. Suppose 0 = 22*u - 20*u - 58. What is the remainder when u is divided by q?
11
Suppose -40 = -5*l + 70. Let k(z) = -389*z**3 + 6*z**2 - 7*z - 2. Let m be k(4). Calculate the remainder when 2/11 - m/286 is divided by l.
21
Let m(g) be the third derivative of g**2 - 1/60*g**5 + 0*g + 0 - 2/3*g**3 - 5/12*g**4. What is the remainder when m(-7) is divided by 10?
7
Suppose 294 = -108*h + 110*h. Calculate the remainder when h is divided by 74.
73
Calculate the remainder when 442/7 - (-2 - (-105)/49) is divided by 20.
3
Let h = 13 + -7. Let j(s) = 3*s + 73. What is the remainder when j(-21) is divided by h?
4
Let l = 781 - 461. What is the remainder when l is divided by 46?
44
Let c = -34 - -38. Suppose -c*k = -30 + 6. Calculate the remainder when 10 is divided by k.
4
Suppose 2*d + 5 = 39. Let c = d - -1. Calculate the remainder when 70 is divided by c.
16
Suppose -5*s + 184 = -86. Suppose -2*c = -2*l - 3*l - 36, 5*c = -l + 36. Calculate the remainder when s is divided by c.
6
Let b(k) = -6*k - 22. Let v be b(0). Calculate the remainder when 79 is divided by 4/v + 3552/176.
19
Suppose 0 = 44*l - 1874 - 62. Calculate the remainder when 151 is divided by l.
19
Let d be (-8)/(-10) - 9/(-45). What is the remainder when 57 is divided by 3 + 1*(16 + d)?
17
Calculate the remainder when ((-8)/60)/1 + (-1761)/(-45) is divided by 3.
0
Suppose -4*f - 5*c - 123 = -615, 4*c + 574 = 5*f. Let x = -83 + f. What is the remainder when x is divided by 19?
16
Let b = -30 - -34. What is the remainder when 167 is divided by 28 + (-8)/(-4) + b?
31
Suppose 2*s - 22 - 44 = 0. Suppose -5*k + 10 = 0, 3*p + 3*k - 12 = -0*k. Suppose -3*h + 85 = p*h. What is the remainder when s is divided by h?
16
Let w = 608 - 345. Suppose -p + w = -5*n, -3*p + 2*n - 126 = -876. Calculate the remainder when p is divided by 50.
48
Suppose -2*o = 8, 0 = -4*u - 0*o + 3*o + 116. Suppose 9 = 7*q - u. Suppose -25 = -4*y - 5*j, 3*y - 3 = q*j + 7. Calculate the remainder when 9 is divided by y.
4
Suppose 0 = -t - 2*v + 11, 3*v = -t + 5*v + 15. Let g = 4 - 1. What is the remainder when t is divided by g?
1
Let b(t) = -t**3 - 27*t**2 - 27*t - 13. What is the remainder when 1325 is divided by b(-26)?
12
Suppose 40 = 4*g + 4*z, 0 = -4*z - 11 - 5. Let d = 39 + -43. Calculate the remainder when (-860)/(-16) - 1/d is divided by g.
12
Calculate the remainder when 688 is divided by (9 - (-375)/(-35))/(6/(-105)).
28
Let j be (-1)/(-1)*(1 - -2). Let z be (j + -1)*(-9 + 11). Suppose 0 = -a + z + 3. What is the remainder when 13 is divided by a?
6
Let q = 981 + -963. Suppose -5*j + 2*r = -180, -2*r + 100 = 4*j - 26. Calculate the remainder when j is divided by q.
16
Suppose 26 + 29 = 11*j. Suppose 210 = 5*i + j*i. What is the remainder when 55 is divided by i?
13
Suppose 0 = 109*v - 95*v - 112. Calculate the remainder when 606 is divided by v.
6
What is the remainder when 404 is divided by 8 - -23 - (-10 - -7)?
30
Let s(u) = -10*u - 202. What is the remainder when 127 is divided by s(-21)?
7
Let p(g) = g + 2. Let v(o) = 8*o - 7. Let c be v(2). Let k(h) = h**2 - 11*h - 11. Calculate the remainder when k(14) is divided by p(c).
9
Let t = -57 + 141. Let v = -55 + t. Calculate the remainder when v is divided by 15.
14
Suppose 5*d - 3 = 47. Let t be -2 - ((-16)/4 + 64). Let q = 91 + t. What is the remainder when q is divided by d?
9
Let p = 120 - 62. Calculate the remainder when 279 is divided by p.
47
Suppose 0 = 354*j - 322*j - 1120. What is the remainder when 158 is divided by j?
18
Suppose 2*s - s - d - 67 = 0, 211 = 3*s - 5*d. Let k(z) = -2*z - 24. Let x = -68 + 48. What is the remainder when s is divided by k(x)?
14
Let l = -7 + 13. Let s = l + 7. Suppose s = p - 1. What is the remainder when p is divided by 3?
2
Let r = 44 - 36. Calculate the remainder when 37 is divided by (-174)/(-8) + (-6)/r + 0.
16
Suppose 22*g = 113 - 3. What is the remainder when 32/(-6)*(11 - 17) is divided by g?
2
Suppose 5*r = 2*b + 595, 4*r - 458 = b - 3*b. Let g = r + -103. Calculate the remainder when 38 is divided by g.
10
Let g(m) = m + 3. Let f be g(-8). Let u(h) = h**3 - 4*h**2 - 6*h - 5. Calculate the remainder when u(6) is divided by 4/14 + 356/28 + f.
7
Let n = -47 + 84. Suppose 0 = 41*z - n*z - 60. Calculate the remainder when 57 is divided by z.
12
Suppose 2*r - r - 32 = 0. Suppose 6*k - 16 = -4. What is the remainder when r is divided by (-56)/(-4) + (-1 - k)?
10
Let f = 2 + 12. Let k = -8 + 10. Suppose 0 = -o + 3*g + 34, -k*o + 5*g + 41 = -24. What is the remainder when o is divided by f?
11
Let n = 90 + -62. Suppose -5*d = 4*j - 26, 8*d - n = 3*d - 2*j. Suppose d*h = 4*h + 78. Calculate the remainder when 114 is divided by h.
36
Suppose l = -2*k + 6 - 16, 3*l + 2*k = -10. Calculate the remainder when (-6 - (1752/(-42) + 10))/(4/14) is divided by (l + -1)/(2/(-62)).
28
Suppose -63 = 3*r + 252. Let f = r + 181. Calculate the remainder when f is divided by 13.
11
Let w(m) = 13 + 10 - m - 3. Calculate the remainder when 77 is divided by w(0).
17
Let s = -19 - -29. Let v = -32 - -34. Calculate the remainder when s is divided by v - (-6)/2 - -1.
4
Suppose -4*k - 4*k = -16. Suppose 0 = -k*g + 5*x + 34, 10 = -5*x - 0. Calculate the remainder when 6 is divided by ((-2)/3)/((-2)/g).
2
Suppose -6*n = 4*h - 11*n - 227, -115 = -2*h + 3*n. Let s(k) = k**3 - 8*k**2 + 11. Let b = -10 - -18. Calculate the remainder when h is divided by s(b).
9
Suppose c + f - 91 = 0, 2*c - 6*f - 192 = -10*f. What is the remainder when c is divided by 13?
8
What is the remainder when 45 is divided by 862/22 + 252/(-1386)?
6
Let g = -8 - -10. Suppose 2*p = 2*j + 110, -p + 4*p - 160 = g*j. Calculate the remainder when p is divided by (-52)/(-6)*9/6.
11
Let y(p) = -7*p**2 + 3*p + 4. Let i(r) = -r**2 + 1. Let v(s) = -6*i(s) + y(s). Let c be v(-2). Calculate the remainder when -18*c/(3 - -1) is divided by 14.
12
Let y be (-2)/(-3)*936/16. Suppose 2*r + 14 = 3*r + 2*t, -3*r = 3*t - y. Let v = 27 - r. What is the remainder when v is divided by 4?
3
Let s(d) = -d**3 + 11*d**2 + 13*d - 5. Suppose 2*c = 1 + 5, 42 = 3*z + 2*c. Calculate the remainder when s(z) is divided by 2.
1
Suppose -62 + 11 = -3*x. Calculate the remainder when x is divided by (-3)/(-3)*(5 - -2).
3
Let u(p) = p**2 + 10*p + 8. Let b be u(-10). Calculate the remainder when (-6)/(-9) + (-26)/(-6) is divided by (-19)/(-7) + 1 - b/(-28).
1
Let v be 147/18 + 2/(-12). Let s = -134 - -144. What is the remainder when s is divided by 46/8 - (-2)/v?
4
Suppose 3*x = 3*r + 99, 3*r - 110 - 71 = -5*x. Suppose -m + x = 3*z, z + 2*m + 5 = 15. Calculate the remainder when z is divided by 5.
2
Let h(g) = -105*g - 827. Let y be 6*(3/2)/(-3). Calculate the remainder when h(-8) is divided by 4/((-2)/y + 0).
1
Let r(p) = -264*p - 675. What is the remainder when r(-3) is divided by 73?
44
Suppose 12*h - 259 = 77. What is the remainder when 136 is divided by h?
24
Suppose -11 = -2*z - 0*a - 3*a, -32 = -4*z + 4*a. Suppose z*s - 75 = 2*s. What is the remainder when 57 is divided by s?
12
Let b = 46 - 6. Suppose 0 = -3*z + z + b. What is the remainder when 1/(1 + (-78)/79) is divided by z?
19
Suppose -3*i - 3 = -2*y, -6*i = -2*y - 4*i + 4. Let h be -1 + (-6)/(-4)*-2. Let t = 2 - h. Calculate the remainder when t is divided by y.
0
Let y = 0 + -1. Let g be 131*y/(2 - 1). Let k = -70 - g. Calculate the remainder when k is divided by 16.
13
Let k = -1254 - -1264. What is the remainder when 578 is divided by k?
8
Let t = 1220 - 801. Calculate the remainder when t is divided by 15.
14
Let g(x) = -108*x**3 - 2*x**2 - 2*x - 1. Let l(b) be the first derivative of -b**3/3 + 6*b**2 - 5*b - 14. What is the remainder when g(-1) is divided by l(4)?
26
Let v be 636/15*5/2. Let d = -62 + v. Calculate the remainder when d is divided by 23.
21
Let x = 11 + 6. Let a = x + 4. Suppose 0 = -n - w + 23 - 12, -2*n - w + 23 = 0. Calculate the remainder when a is divided by n.
9
Let g be 11/3 - (-2)/6. Let m = 140 - 123. Suppose -m = g*s - 65. What is the remainder when s is divid